
What is the remainder when 20100 is divided by 329?
31
What is the remainder when 4779917 is divided by 22?
21
Calculate the remainder when 2481 is divided by 35.
31
Calculate the remainder when 44761 is divided by 61.
48
Calculate the remainder when 213998 is divided by 6.
2
Calculate the remainder when 5248 is divided by 42.
40
What is the remainder when 61919 is divided by 60?
59
Calculate the remainder when 3872 is divided by 1009.
845
What is the remainder when 3669 is divided by 330?
39
Calculate the remainder when 14998 is divided by 7494.
10
Calculate the remainder when 13878 is divided by 11.
7
What is the remainder when 493 is divided by 127?
112
Calculate the remainder when 7458 is divided by 676.
22
Calculate the remainder when 28924 is divided by 7228.
12
Calculate the remainder when 94028 is divided by 24.
20
What is the remainder when 190552 is divided by 39?
37
Calculate the remainder when 5610 is divided by 618.
48
What is the remainder when 8391 is divided by 2730?
201
What is the remainder when 22400 is divided by 19?
18
What is the remainder when 13225 is divided by 59?
9
What is the remainder when 3092 is divided by 26?
24
What is the remainder when 49328 is divided by 44?
4
Calculate the remainder when 439 is divided by 91.
75
Calculate the remainder when 87692 is divided by 87.
83
What is the remainder when 2464 is divided by 965?
534
What is the remainder when 289087 is divided by 24?
7
Calculate the remainder when 17024 is divided by 2127.
8
What is the remainder when 877337 is divided by 416?
409
Calculate the remainder when 3494 is divided by 314.
40
Calculate the remainder when 3095 is divided by 1203.
689
What is the remainder when 13202 is divided by 1097?
38
What is the remainder when 26876 is divided by 170?
16
Calculate the remainder when 2470259 is divided by 780.
779
What is the remainder when 57423 is divided by 91?
2
Calculate the remainder when 2671395 is divided by 26.
25
Calculate the remainder when 5620 is divided by 442.
316
Calculate the remainder when 9705 is divided by 2281.
581
What is the remainder when 59185 is divided by 778?
57
Calculate the remainder when 18671 is divided by 176.
15
Calculate the remainder when 4090 is divided by 3.
1
What is the remainder when 21545 is divided by 392?
377
Calculate the remainder when 27924 is divided by 27847.
77
Calculate the remainder when 162105 is divided by 1118.
1113
Calculate the remainder when 26696 is divided by 2050.
46
Calculate the remainder when 324534 is divided by 589.
584
What is the remainder when 25122 is divided by 201?
198
What is the remainder when 111196 is divided by 182?
176
What is the remainder when 66432 is divided by 18?
12
What is the remainder when 1283 is divided by 462?
359
Calculate the remainder when 1425 is divided by 151.
66
What is the remainder when 1151 is divided by 303?
242
What is the remainder when 3819569 is divided by 95?
94
What is the remainder when 10116088 is divided by 10?
8
What is the remainder when 582567 is divided by 18?
15
What is the remainder when 18920 is divided by 3145?
50
Calculate the remainder when 8234 is divided by 2728.
50
What is the remainder when 1834 is divided by 341?
129
Calculate the remainder when 147771 is divided by 3144.
3
What is the remainder when 5289411 is divided by 2138?
2137
Calculate the remainder when 12047 is divided by 1101.
1037
Calculate the remainder when 1155 is divided by 27.
21
Calculate the remainder when 76214 is divided by 87.
2
Calculate the remainder when 54319 is divided by 1812.
1771
What is the remainder when 8262 is divided by 67?
21
Calculate the remainder when 3841 is divided by 9.
7
What is the remainder when 106690 is divided by 450?
40
What is the remainder when 338686 is divided by 768?
766
What is the remainder when 2335 is divided by 1757?
578
Calculate the remainder when 138 is divided by 24.
18
Calculate the remainder when 1249199 is divided by 683.
675
Calculate the remainder when 535035 is divided by 32.
27
Calculate the remainder when 579685 is divided by 190.
185
What is the remainder when 75363 is divided by 338?
327
Calculate the remainder when 31857 is divided by 54.
51
What is the remainder when 6207 is divided by 115?
112
What is the remainder when 1485 is divided by 160?
45
Calculate the remainder when 26973 is divided by 17.
11
What is the remainder when 202399 is divided by 1701?
1681
Calculate the remainder when 44625 is divided by 14874.
3
What is the remainder when 21740 is divided by 203?
19
What is the remainder when 13771 is divided by 924?
835
Calculate the remainder when 135797 is divided by 22631.
11
What is the remainder when 878431 is divided by 959?
946
Calculate the remainder when 1996 is divided by 49.
36
What is the remainder when 979883 is divided by 18?
17
Calculate the remainder when 19616 is divided by 63.
23
Calculate the remainder when 4132 is divided by 1020.
52
Calculate the remainder when 965 is divided by 140.
125
What is the remainder when 7900 is divided by 1136?
1084
Calculate the remainder when 1485 is divided by 628.
229
Calculate the remainder when 2019 is divided by 174.
105
Calculate the remainder when 21734 is divided by 4343.
19
Calculate the remainder when 36832 is divided by 338.
328
What is the remainder when 820197 is divided by 102523?
13
What is the remainder when 1024 is divided by 66?
34
What is the remainder when 1206 is divided by 31?
28
What is the remainder when 11337 is divided by 247?
222
Calculate the remainder when 4304 is divided by 1409.
77
What is the remainder when 15639 is divided by 1202?
13
Calculate the remainder when 85365 is divided by 13.
7
Calculate the remainder when 26606 is divided by 256.
238
What is the remainder when 42984 is divided by 411?
240
Calculate the remainder when 15796 is divided by 7887.
22
Calculate the remainder when 500538 is divided by 792.
786
Calculate the remainder when 92399 is divided by 7.
6
What is the remainder when 12709 is divided by 3085?
369
Calculate the remainder when 15535 is divided by 921.
799
What is the remainder when 26841 is divided by 26834?
7
Calculate the remainder when 8144 is divided by 278.
82
Calculate the remainder when 3185 is divided by 211.
20
Calculate the remainder when 10671 is divided by 184.
183
Calculate the remainder when 1707 is divided by 231.
90
Calculate the remainder when 1854 is divided by 577.
123
Calculate the remainder when 10690 is divided by 1178.
88
What is the remainder when 35022 is divided by 24?
6
What is the remainder when 5350 is divided by 261?
130
Calculate the remainder when 13800 is divided by 1291.
890
Calculate the remainder when 272738 is divided by 20.
18
Calculate the remainder when 170244 is divided by 192.
132
Calculate the remainder when 13695 is divided by 274.
269
Calculate the remainder when 10284 is divided by 6.
0
Calculate the remainder when 123720 is divided by 565.
550
What is the remainder when 467 is divided by 145?
32
What is the remainder when 1467 is divided by 494?
479
Calculate the remainder when 34158 is divided by 4873.
47
What is the remainder when 52150 is divided by 51?
28
Calculate the remainder when 693 is divided by 151.
89
Calculate the remainder when 40188 is divided by 609.
603
What is the remainder when 1486248 is divided by 21?
15
Calculate the remainder when 49715 is divided by 71.
15
What is the remainder when 157777 is divided by 1045?
1027
Calculate the remainder when 52254 is divided by 46.
44
What is the remainder when 24496 is divided by 206?
188
Calculate the remainder when 26489 is divided by 510.
479
Calculate the remainder when 2960 is divided by 957.
89
Calculate the remainder when 140011 is divided by 142.
141
What is the remainder when 3335 is divided by 1053?
176
Calculate the remainder when 186945 is divided by 3168.
33
What is the remainder when 2011 is divided by 988?
35
What is the remainder when 10969 is divided by 15?
4
What is the remainder when 154052 is divided by 42?
38
What is the remainder when 635 is divided by 66?
41
Calculate the remainder when 45354 is divided by 44.
34
Calculate the remainder when 328005 is divided by 140.
125
What is the remainder when 17151 is divided by 50?
1
What is the remainder when 43492 is divid